{"id":131,"date":"2019-01-16T21:57:29","date_gmt":"2019-01-16T20:57:29","guid":{"rendered":"http:\/\/stellplatz.ch\/?page_id=131"},"modified":"2024-11-26T20:45:15","modified_gmt":"2024-11-26T19:45:15","slug":"hotes","status":"publish","type":"page","link":"https:\/\/stellplatz.ch\/index.php\/fr\/hotes\/","title":{"rendered":"H\u00f4tes"},"content":{"rendered":"\n<p>Quel agriculteur, vigneron, particulier, restaurateur o\u00f9 quelle commune serait pr\u00eat(e) \u00e0 accepter, un ou plusierus camping-cars sur son terrain? L\u2019emplacement doit \u00eatre si possible plat. L&#8217;espace devrait \u00eatre d&#8217;environ 4 x 8 m pour un petit camping-car ou 4 x 10 m pour un grand. L\u2019acc\u00e8s \u00e0 l\u2019emplacement devrait mesurer 3 m de large et env. 4 m de haut. Un camping-car peut peser jusqu\u2019\u00e0 4 tonnes et m\u00eame plus pour les tr\u00e8s grands camping-cars.<\/p>\n\n\n\n<p>Comment fonctionne \u00abstellplatz.ch\u00bb (places camping-cars suisses)&nbsp;<\/p>\n\n\n\n<p>Les vacanciers europ\u00e9ens en camping-car restent rarement longtemps au m\u00eame endroit. Leurs v\u00e9hicules sont autonomes, \u00e9quip\u00e9s d&#8217;une installation sanitaire d&#8217;eau, de WC et d&#8217;\u00e9lectricit\u00e9. Ainsi, ils d\u00e9couvrent nos belles r\u00e9gions et nos sp\u00e9cialit\u00e9s locales sur une courte p\u00e9riode.<\/p>\n\n\n\n<p>Malheureusement la Suisse offre un nombre insuffisant de places et c&#8217;est pourquoi nous en recherchons aupr\u00e8s des particuliers ou des communes, afin que les camping-caristes puissent passer une ou plusieurs nuits gratuites ou contre une r\u00e9mun\u00e9ration.<\/p>\n\n\n\n<p>En qualit\u00e9 d&#8217;h\u00f4tes, vous avez la possibilit\u00e9 de proposer vos propres produits \u00e0 la vente (l\u00e9gumes, fruits, miel, fromages, vins, p\u00e2tisseries, lait, viande, objets artisanaux, etc.) ou \u00e9ventuellement une caisse &#8222;\u00e0 votre bon coeur&#8220;.<\/p>\n\n\n\n<p>Voulez-vous faire partie de notre r\u00e9seau suisse et mettre \u00e0 disposition une ou plusieurs places pour camping-cars sur votre terrain? Si oui, veuillez utiliser le formulaire d&#8217;inscription, afin que nous puissions vous inscrire dans notre guide annuel. Vous vous exposez \u00e0 aucun engagement financier. <\/p>\n\n\n\n<p>Avez vous encore des questions ou des propositions? Alors contactez-nous et nous nous ferons un plaisir de vous renseigner!<\/p>\n\n\n\n<p>Merci de votre message: <a href=\"mailto:info@stellplatz.ch\" target=\"_blank\" rel=\"noreferrer noopener\">info@stellplatz.ch<\/a><\/p>\n\n\n\n<p>Voici notre <a rel=\"noreferrer noopener\" href=\"https:\/\/stellplatz.ch\/dokumente\/anmelden_formular.pdf\" target=\"_blank\">formulaire d&#8217;insciption<\/a> et un <a rel=\"noreferrer noopener\" href=\"https:\/\/stellplatz.ch\/dokumente\/anmelden_muster.pdf\" target=\"_blank\">exemple d&#8217;un formulaire rempli<\/a>.<\/p>\n","protected":false},"excerpt":{"rendered":"<p>Quel agriculteur, vigneron, particulier, restaurateur o\u00f9 quelle commune serait pr\u00eat(e) \u00e0 accepter, un ou plusierus camping-cars sur son terrain? L\u2019emplacement doit \u00eatre si possible plat. L&#8217;espace devrait \u00eatre d&#8217;environ 4 x 8 m pour un petit camping-car ou 4 x <span class=\"more-text\">&hellip;<\/span><\/p>\n","protected":false},"author":4,"featured_media":0,"parent":0,"menu_order":0,"comment_status":"closed","ping_status":"closed","template":"","meta":{"jetpack_post_was_ever_published":false,"footnotes":""},"class_list":["post-131","page","type-page","status-publish","hentry"],"jetpack_sharing_enabled":true,"jetpack_shortlink":"https:\/\/wp.me\/PaCltQ-27","_links":{"self":[{"href":"https:\/\/stellplatz.ch\/index.php\/wp-json\/wp\/v2\/pages\/131","targetHints":{"allow":["GET"]}}],"collection":[{"href":"https:\/\/stellplatz.ch\/index.php\/wp-json\/wp\/v2\/pages"}],"about":[{"href":"https:\/\/stellplatz.ch\/index.php\/wp-json\/wp\/v2\/types\/page"}],"author":[{"embeddable":true,"href":"https:\/\/stellplatz.ch\/index.php\/wp-json\/wp\/v2\/users\/4"}],"replies":[{"embeddable":true,"href":"https:\/\/stellplatz.ch\/index.php\/wp-json\/wp\/v2\/comments?post=131"}],"version-history":[{"count":12,"href":"https:\/\/stellplatz.ch\/index.php\/wp-json\/wp\/v2\/pages\/131\/revisions"}],"predecessor-version":[{"id":1644,"href":"https:\/\/stellplatz.ch\/index.php\/wp-json\/wp\/v2\/pages\/131\/revisions\/1644"}],"wp:attachment":[{"href":"https:\/\/stellplatz.ch\/index.php\/wp-json\/wp\/v2\/media?parent=131"}],"curies":[{"name":"wp","href":"https:\/\/api.w.org\/{rel}","templated":true}]}}